{"version":"1.0","provider_name":"docuteam","provider_url":"https:\/\/www.docuteam.ch\/en\/","author_name":"Julie Baumberger","author_url":"https:\/\/www.docuteam.ch\/en\/author\/julie\/","title":"docuteam - Journ\u00e9e des archives (09.06.2017)","type":"rich","width":600,"height":338,"html":"<blockquote class=\"wp-embedded-content\" data-secret=\"FyM9geXfJH\"><a href=\"https:\/\/www.docuteam.ch\/en\/journee-des-archives-09-06-2017\/\">Journ\u00e9e des archives (09.06.2017)<\/a><\/blockquote><iframe sandbox=\"allow-scripts\" security=\"restricted\" src=\"https:\/\/www.docuteam.ch\/en\/journee-des-archives-09-06-2017\/embed\/#?secret=FyM9geXfJH\" width=\"600\" height=\"338\" title=\"&#8220;Journ\u00e9e des archives (09.06.2017)&#8221; &#8212; docuteam\" data-secret=\"FyM9geXfJH\" frameborder=\"0\" marginwidth=\"0\" marginheight=\"0\" scrolling=\"no\" class=\"wp-embedded-content\"><\/iframe><script>\n\/*! This file is auto-generated *\/\n!function(d,l){\"use strict\";l.querySelector&&d.addEventListener&&\"undefined\"!=typeof URL&&(d.wp=d.wp||{},d.wp.receiveEmbedMessage||(d.wp.receiveEmbedMessage=function(e){var t=e.data;if((t||t.secret||t.message||t.value)&&!\/[^a-zA-Z0-9]\/.test(t.secret)){for(var s,r,n,a=l.querySelectorAll('iframe[data-secret=\"'+t.secret+'\"]'),o=l.querySelectorAll('blockquote[data-secret=\"'+t.secret+'\"]'),c=new RegExp(\"^https?:$\",\"i\"),i=0;i<o.length;i++)o[i].style.display=\"none\";for(i=0;i<a.length;i++)s=a[i],e.source===s.contentWindow&&(s.removeAttribute(\"style\"),\"height\"===t.message?(1e3<(r=parseInt(t.value,10))?r=1e3:~~r<200&&(r=200),s.height=r):\"link\"===t.message&&(r=new URL(s.getAttribute(\"src\")),n=new URL(t.value),c.test(n.protocol))&&n.host===r.host&&l.activeElement===s&&(d.top.location.href=t.value))}},d.addEventListener(\"message\",d.wp.receiveEmbedMessage,!1),l.addEventListener(\"DOMContentLoaded\",function(){for(var e,t,s=l.querySelectorAll(\"iframe.wp-embedded-content\"),r=0;r<s.length;r++)(t=(e=s[r]).getAttribute(\"data-secret\"))||(t=Math.random().toString(36).substring(2,12),e.src+=\"#?secret=\"+t,e.setAttribute(\"data-secret\",t)),e.contentWindow.postMessage({message:\"ready\",secret:t},\"*\")},!1)))}(window,document);\n\/\/# sourceURL=https:\/\/www.docuteam.ch\/wp-includes\/js\/wp-embed.min.js\n<\/script>\n","description":"[vc_row][vc_column][vc_column_text]Vendredi 9 juin 2017, les archivistes du monde entier c\u00e9l\u00e8brent la journ\u00e9e internationale des archives. Sous le titre de \u00ab\u00a0Archives \u221e connecter\u00a0\u00bb, des manifestations se tiendront dans toute la Suisse pour montrer \u00e0 la fois le travail et le savoir des archivistes, faire revivre l\u2019Histoire (les histoires) qui repose dans les archives et \u00e9changer avec&hellip;","thumbnail_url":"https:\/\/www.docuteam.ch\/wp-content\/uploads\/2021\/04\/docuteam_ueberuns_UltraHD-scaled.jpg","thumbnail_width":2560,"thumbnail_height":1440}

docuteam - Journée des archives (09.06.2017)

<blockquote class="wp-embedded-content" data-secret="FyM9geXfJH"><a href="https://www.docuteam.ch/en/journee-des-archives-09-06-2017/">Journée des archives (09.06.2017)</a></blockquote><iframe sandbox="allow-scripts" security="restricted" src="https://www.docuteam.ch/en/journee-des-archives-09-06-2017/embed/#?secret=FyM9geXfJH" width="600" height="338" title="&#8220;Journée des archives (09.06.2017)&#8221; &#8212; docuteam" data-secret="FyM9geXfJH" frameborder="0" marginwidth="0" marginheight="0" scrolling="no" class="wp-embedded-content"></iframe><script>
/*! This file is auto-generated */
!function(d,l){"use strict";l.querySelector&&d.addEventListener&&"undefined"!=typeof URL&&(d.wp=d.wp||{},d.wp.receiveEmbedMessage||(d.wp.receiveEmbedMessage=function(e){var t=e.data;if((t||t.secret||t.message||t.value)&&!/[^a-zA-Z0-9]/.test(t.secret)){for(var s,r,n,a=l.querySelectorAll('iframe[data-secret="'+t.secret+'"]'),o=l.querySelectorAll('blockquote[data-secret="'+t.secret+'"]'),c=new RegExp("^https?:$","i"),i=0;i<o.length;i++)o[i].style.display="none";for(i=0;i<a.length;i++)s=a[i],e.source===s.contentWindow&&(s.removeAttribute("style"),"height"===t.message?(1e3<(r=parseInt(t.value,10))?r=1e3:~~r<200&&(r=200),s.height=r):"link"===t.message&&(r=new URL(s.getAttribute("src")),n=new URL(t.value),c.test(n.protocol))&&n.host===r.host&&l.activeElement===s&&(d.top.location.href=t.value))}},d.addEventListener("message",d.wp.receiveEmbedMessage,!1),l.addEventListener("DOMContentLoaded",function(){for(var e,t,s=l.querySelectorAll("iframe.wp-embedded-content"),r=0;r<s.length;r++)(t=(e=s[r]).getAttribute("data-secret"))||(t=Math.random().toString(36).substring(2,12),e.src+="#?secret="+t,e.setAttribute("data-secret",t)),e.contentWindow.postMessage({message:"ready",secret:t},"*")},!1)))}(window,document);
//# sourceURL=https://www.docuteam.ch/wp-includes/js/wp-embed.min.js
</script>

[vc_row][vc_column][vc_column_text]Vendredi 9 juin 2017, les archivistes du monde entier célèbrent la journée internationale des archives. Sous le titre de « Archives ∞ connecter », des manifestations se tiendront dans toute la Suisse pour montrer à la fois le travail et le savoir des archivistes, faire revivre l’Histoire (les histoires) qui repose dans les archives et échanger avec&hellip;
